{"id":2019,"date":"2024-04-01T10:59:18","date_gmt":"2024-04-01T08:59:18","guid":{"rendered":"https:\/\/www.ermeco.com\/piscine-sauna-hammam\/?post_type=product&#038;p=2019"},"modified":"2024-04-01T11:00:23","modified_gmt":"2024-04-01T09:00:23","slug":"spa-spirit-4-places","status":"publish","type":"product","link":"https:\/\/www.ermeco.com\/piscine-sauna-hammam\/produit\/spa-spirit-4-places\/","title":{"rendered":"Spa Spirit 4 places"},"content":{"rendered":"<p>Commencez par la place assise vous offrant le massage WATER WALL, un v\u00e9ritable mur de jets intenses pour soulager les tensions de votre dos.<br \/>\nConfortablement install\u00e9, profitez du massage HYDRO RELAX dans un si\u00e8ge tr\u00e8s enveloppant. Une place de choix pour une profonde relaxation des lom- baires et des trap\u00e8zes. Pour le bas de votre corps le LEG AQUA PALPING vous offrira un massage intense des mollets et des cuisses avec un mouvement de bas en haut. Profitez \u00e9galement d\u2019une r\u00e9- flexologie plantaire intense gr\u00e2ce aux jets AQUA REFLEX plac\u00e9s sous la plante de vos pieds.<br \/>\nPoursuivez votre parcours par l\u2019une des places reines du spa Spirit, l\u2019AQUA PAL- PING. Elle vous offre un massage intense des fessiers puis de votre dos gr\u00e2ce \u00e0 ses 3 jets puissants exer\u00e7ant un mouvement d\u2019eau vertical provoquant une sensation d\u2019\u00e9tirement. B\u00e9n\u00e9ficiez \u00e9galement du massage complet cou-nuque-\u00e9paules.<br \/>\nEn position allong\u00e9e, profitez du massage du dos enveloppant HYDRO RELAX et de la r\u00e9flexologie plantaire intense AQUA REFLEX gr\u00e2ce aux jets plac\u00e9s sous la plante de vos pieds. Les jambes lourdes trouveront enfin leur repos gr\u00e2ce au mas- sage TONIC COCOON qui offre un parfait enveloppement des mollets d\u00e9tendus par une multitude de jets.<\/p>\n","protected":false},"excerpt":{"rendered":"<p>Installez-vous dans le spa SPIRIT et appr\u00e9ciez 4 places dynamiques dans une ergonomie compacte.<br \/>\nVous y retrouverez les lignes tr\u00e8s \u00e9pur\u00e9es du design RAINBOW SPAS. Ce luxueux spa<br \/>\n4 places vous offre une qualit\u00e9 de massage qui devrait ravir les plus exigeants avec pour chaque place des sp\u00e9cificit\u00e9s m\u00e9ticuleuse- ment \u00e9tudi\u00e9es.<\/p>\n","protected":false},"featured_media":2086,"comment_status":"closed","ping_status":"closed","template":"","meta":[],"product_cat":[48],"product_tag":[],"aioseo_notices":[],"_links":{"self":[{"href":"https:\/\/www.ermeco.com\/piscine-sauna-hammam\/wp-json\/wp\/v2\/product\/2019"}],"collection":[{"href":"https:\/\/www.ermeco.com\/piscine-sauna-hammam\/wp-json\/wp\/v2\/product"}],"about":[{"href":"https:\/\/www.ermeco.com\/piscine-sauna-hammam\/wp-json\/wp\/v2\/types\/product"}],"replies":[{"embeddable":true,"href":"https:\/\/www.ermeco.com\/piscine-sauna-hammam\/wp-json\/wp\/v2\/comments?post=2019"}],"wp:featuredmedia":[{"embeddable":true,"href":"https:\/\/www.ermeco.com\/piscine-sauna-hammam\/wp-json\/wp\/v2\/media\/2086"}],"wp:attachment":[{"href":"https:\/\/www.ermeco.com\/piscine-sauna-hammam\/wp-json\/wp\/v2\/media?parent=2019"}],"wp:term":[{"taxonomy":"product_cat","embeddable":true,"href":"https:\/\/www.ermeco.com\/piscine-sauna-hammam\/wp-json\/wp\/v2\/product_cat?post=2019"},{"taxonomy":"product_tag","embeddable":true,"href":"https:\/\/www.ermeco.com\/piscine-sauna-hammam\/wp-json\/wp\/v2\/product_tag?post=2019"}],"curies":[{"name":"wp","href":"https:\/\/api.w.org\/{rel}","templated":true}]}}