{"id":2117,"date":"2024-04-01T11:00:52","date_gmt":"2024-04-01T09:00:52","guid":{"rendered":"https:\/\/www.ermeco.com\/piscine-sauna-hammam\/?post_type=product&#038;p=2117"},"modified":"2024-04-01T11:03:03","modified_gmt":"2024-04-01T09:03:03","slug":"volet-prestige","status":"publish","type":"product","link":"https:\/\/www.ermeco.com\/piscine-sauna-hammam\/produit\/volet-prestige\/","title":{"rendered":"Volet Prestige"},"content":{"rendered":"<p>La couverture automatique Prestige est un banc pour piscine. Il peut \u00eatre install\u00e9 sur des piscines existantes ou \u00e0 construire jusqu\u2019\u00e0 6.00 x 12.00 m. Il est \u00e9quip\u00e9 d\u2019un moteur avec fin de course \u00e9lectronique et peut \u00eatre d\u00e9bray\u00e9 manuellement en cas de coupure d\u2019\u00e9lectricit\u00e9 pour garantir la s\u00e9curit\u00e9 de la piscine. Le banc Prestige peut \u00eatre rev\u00eatu de bois exotique, de PVC blanc, sable, gris clair ou imitation bois plax\u00e9. L\u2019enrouleur est \u00e9quip\u00e9 de LED sur les deux supports et en option sur la longueur du banc.<\/p>\n<p>Le prestige est disponible en plusieurs versions : motoris\u00e9, solaire, sur rail et sur rail solaire. Les lames peuvent \u00eatre personnalis\u00e9es en quatre couleurs diff\u00e9rentes : blanc, sable, gris clair et gris fonc\u00e9.  Nous recommandons l\u2019utilisation d\u2019un enrouleur sur rail si les rayons sont sup\u00e9rieurs ou \u00e9gaux \u00e0 400 mm.<\/p>\n","protected":false},"excerpt":{"rendered":"<p>Enrouleurs Hors Sol Enrouleur Prestige La couverture automatique Prestige est un banc pour piscine.<\/p>\n","protected":false},"featured_media":2191,"comment_status":"closed","ping_status":"closed","template":"","meta":[],"product_cat":[54],"product_tag":[],"aioseo_notices":[],"_links":{"self":[{"href":"https:\/\/www.ermeco.com\/piscine-sauna-hammam\/wp-json\/wp\/v2\/product\/2117"}],"collection":[{"href":"https:\/\/www.ermeco.com\/piscine-sauna-hammam\/wp-json\/wp\/v2\/product"}],"about":[{"href":"https:\/\/www.ermeco.com\/piscine-sauna-hammam\/wp-json\/wp\/v2\/types\/product"}],"replies":[{"embeddable":true,"href":"https:\/\/www.ermeco.com\/piscine-sauna-hammam\/wp-json\/wp\/v2\/comments?post=2117"}],"wp:featuredmedia":[{"embeddable":true,"href":"https:\/\/www.ermeco.com\/piscine-sauna-hammam\/wp-json\/wp\/v2\/media\/2191"}],"wp:attachment":[{"href":"https:\/\/www.ermeco.com\/piscine-sauna-hammam\/wp-json\/wp\/v2\/media?parent=2117"}],"wp:term":[{"taxonomy":"product_cat","embeddable":true,"href":"https:\/\/www.ermeco.com\/piscine-sauna-hammam\/wp-json\/wp\/v2\/product_cat?post=2117"},{"taxonomy":"product_tag","embeddable":true,"href":"https:\/\/www.ermeco.com\/piscine-sauna-hammam\/wp-json\/wp\/v2\/product_tag?post=2117"}],"curies":[{"name":"wp","href":"https:\/\/api.w.org\/{rel}","templated":true}]}}