{"id":2136,"date":"2024-04-01T11:01:15","date_gmt":"2024-04-01T09:01:15","guid":{"rendered":"https:\/\/www.ermeco.com\/piscine-sauna-hammam\/?post_type=product&#038;p=2136"},"modified":"2024-04-01T11:03:12","modified_gmt":"2024-04-01T09:03:12","slug":"volet-hawai","status":"publish","type":"product","link":"https:\/\/www.ermeco.com\/piscine-sauna-hammam\/produit\/volet-hawai\/","title":{"rendered":"Volet Hawai"},"content":{"rendered":"<p>L\u2019enrouleur Hawa\u00ef est une couverture immerg\u00e9e avec un moteur int\u00e9gr\u00e9 dans un coffre sec. Il peut \u00eatre install\u00e9 sur des piscines existantes ou \u00e0 construire d\u2019une taille maximale de 7.00 x 14.00 m. Il est recouvert de caillebotis pour un look discret et peut \u00eatre adapt\u00e9 \u00e0 des piscines \u00e9quip\u00e9es d\u2019un mur ma\u00e7onn\u00e9 ou d\u2019un mur de s\u00e9paration pr\u00e9fabriqu\u00e9 en PVC avec une fixation murale ou par \u00e9querre. <\/p>\n<p>Il est \u00e9quip\u00e9 d\u2019une poutre standard recouverte de 80 mm et vous avez le choix entre des caillebotis en aluminium, polypropyl\u00e8ne ou bois, et des cloisons et glissi\u00e8res en PVC avec une fixation murale ou par \u00e9querre. La cloison peut \u00eatre install\u00e9e sur des piscines jusqu\u2019\u00e0 2.00 m de profondeur. <\/p>\n<p>Vous pouvez choisir parmi quatre couleurs de lames : blanc, sable, gris clair, gris fonc\u00e9 ou polycarbonate. Les accessoires (poutre, caillebotis, cloison et glissi\u00e8re) peuvent \u00eatre personnalis\u00e9s en blanc, sable, gris clair ou gris fonc\u00e9.<\/p>\n","protected":false},"excerpt":{"rendered":"<p>Enrouleurs Immerg\u00e9s Enrouleur Hawai L\u2019enrouleur Hawa\u00ef est une couverture immerg\u00e9e avec un moteur int\u00e9gr\u00e9 dans un coffre sec.<\/p>\n","protected":false},"featured_media":2207,"comment_status":"closed","ping_status":"closed","template":"","meta":[],"product_cat":[60],"product_tag":[],"aioseo_notices":[],"_links":{"self":[{"href":"https:\/\/www.ermeco.com\/piscine-sauna-hammam\/wp-json\/wp\/v2\/product\/2136"}],"collection":[{"href":"https:\/\/www.ermeco.com\/piscine-sauna-hammam\/wp-json\/wp\/v2\/product"}],"about":[{"href":"https:\/\/www.ermeco.com\/piscine-sauna-hammam\/wp-json\/wp\/v2\/types\/product"}],"replies":[{"embeddable":true,"href":"https:\/\/www.ermeco.com\/piscine-sauna-hammam\/wp-json\/wp\/v2\/comments?post=2136"}],"wp:featuredmedia":[{"embeddable":true,"href":"https:\/\/www.ermeco.com\/piscine-sauna-hammam\/wp-json\/wp\/v2\/media\/2207"}],"wp:attachment":[{"href":"https:\/\/www.ermeco.com\/piscine-sauna-hammam\/wp-json\/wp\/v2\/media?parent=2136"}],"wp:term":[{"taxonomy":"product_cat","embeddable":true,"href":"https:\/\/www.ermeco.com\/piscine-sauna-hammam\/wp-json\/wp\/v2\/product_cat?post=2136"},{"taxonomy":"product_tag","embeddable":true,"href":"https:\/\/www.ermeco.com\/piscine-sauna-hammam\/wp-json\/wp\/v2\/product_tag?post=2136"}],"curies":[{"name":"wp","href":"https:\/\/api.w.org\/{rel}","templated":true}]}}