{"id":2468,"date":"2024-04-01T11:05:49","date_gmt":"2024-04-01T09:05:49","guid":{"rendered":"https:\/\/www.ermeco.com\/piscine-sauna-hammam\/?post_type=product&#038;p=2468"},"modified":"2024-04-01T11:06:22","modified_gmt":"2024-04-01T09:06:22","slug":"pompe-a-chaleur-vertigo-fi","status":"publish","type":"product","link":"https:\/\/www.ermeco.com\/piscine-sauna-hammam\/produit\/pompe-a-chaleur-vertigo-fi\/","title":{"rendered":"Pompe \u00e0 chaleur VERTIGO FI"},"content":{"rendered":"<p>En tant que pompe \u00e0 chaleur piscine derni\u00e8re g\u00e9n\u00e9ration, la Vertigo Fi se veut \u00e0 la fois performante, \u00e9conomique et silencieuse.<\/p>\n<p>La pompe \u00e0 chaleur Vertigo Fi regroupe toutes les technologies d&rsquo;aujourd&rsquo;hui et se d\u00e9cline en 12 puissances de 5,5 \u00e0 35 kW : la gamme la plus vaste chez Poolex. Elle int\u00e8gre la technologie Full Inverter avec un compresseur multifr\u00e9quences et un ventilateur \u00e0 vitesse variable qui r\u00e9duisent consid\u00e9rablement la consommation \u00e9lectrique et la pression acoustique. Pour chauffer l&rsquo;eau de votre piscine, vous b\u00e9n\u00e9ficiez d&rsquo;un d\u00e9marrage progressif de la pompe et un fonctionnement en continu \u00e0 r\u00e9gime r\u00e9duit. L&rsquo;eau de votre piscine monte en temp\u00e9rature tout en \u00e9vitant des pics de consommation d&rsquo;\u00e9lectricit\u00e9.<\/p>\n<p>Verticale et dot\u00e9e d\u2019un soufflage vers le haut n\u00e9cessitant une zone d\u2019\u00e9vacuation r\u00e9duite, elle s\u2019installe dans un espace restreint.<\/p>\n<p>Convaincu par l\u2019excellence de ses produits, Poolex porte la garantie de sa pompe \u00e0 chaleur \u00e0 3 ans, 5 ans sur son compresseur et 15 ans contre la corrosion de son \u00e9changeur.<\/p>\n","protected":false},"excerpt":{"rendered":"<p>Pompe \u00e0 chaleur piscine. 12 puissances | Pour bassin jusqu&rsquo;\u00e0 250m3 | Fonctionne d\u00e8s -10\u00b0C<\/p>\n","protected":false},"featured_media":2510,"comment_status":"closed","ping_status":"closed","template":"","meta":[],"product_cat":[51],"product_tag":[],"aioseo_notices":[],"_links":{"self":[{"href":"https:\/\/www.ermeco.com\/piscine-sauna-hammam\/wp-json\/wp\/v2\/product\/2468"}],"collection":[{"href":"https:\/\/www.ermeco.com\/piscine-sauna-hammam\/wp-json\/wp\/v2\/product"}],"about":[{"href":"https:\/\/www.ermeco.com\/piscine-sauna-hammam\/wp-json\/wp\/v2\/types\/product"}],"replies":[{"embeddable":true,"href":"https:\/\/www.ermeco.com\/piscine-sauna-hammam\/wp-json\/wp\/v2\/comments?post=2468"}],"wp:featuredmedia":[{"embeddable":true,"href":"https:\/\/www.ermeco.com\/piscine-sauna-hammam\/wp-json\/wp\/v2\/media\/2510"}],"wp:attachment":[{"href":"https:\/\/www.ermeco.com\/piscine-sauna-hammam\/wp-json\/wp\/v2\/media?parent=2468"}],"wp:term":[{"taxonomy":"product_cat","embeddable":true,"href":"https:\/\/www.ermeco.com\/piscine-sauna-hammam\/wp-json\/wp\/v2\/product_cat?post=2468"},{"taxonomy":"product_tag","embeddable":true,"href":"https:\/\/www.ermeco.com\/piscine-sauna-hammam\/wp-json\/wp\/v2\/product_tag?post=2468"}],"curies":[{"name":"wp","href":"https:\/\/api.w.org\/{rel}","templated":true}]}}